{"version":"1.0","provider_name":"Manchester FM 93,3","provider_url":"https:\/\/www.radiomanchester.com.br\/fm","author_name":"admin","author_url":"https:\/\/www.radiomanchester.com.br\/fm\/author\/admin\/","title":"Entidade alerta para risco de diabetes em gestantes - Manchester FM 93,3","type":"rich","width":600,"height":338,"html":"<blockquote class=\"wp-embedded-content\" data-secret=\"vdB97t1hTi\"><a href=\"https:\/\/www.radiomanchester.com.br\/fm\/entidade-alerta-para-risco-de-diabetes-em-gestantes\/\">Entidade alerta para risco de diabetes em gestantes<\/a><\/blockquote><iframe sandbox=\"allow-scripts\" security=\"restricted\" src=\"https:\/\/www.radiomanchester.com.br\/fm\/entidade-alerta-para-risco-de-diabetes-em-gestantes\/embed\/#?secret=vdB97t1hTi\" width=\"600\" height=\"338\" title=\"&#8220;Entidade alerta para risco de diabetes em gestantes&#8221; &#8212; Manchester FM 93,3\" data-secret=\"vdB97t1hTi\" frameborder=\"0\" marginwidth=\"0\" marginheight=\"0\" scrolling=\"no\" class=\"wp-embedded-content\"><\/iframe><script type=\"text\/javascript\">\n\/*! This file is auto-generated *\/\n!function(d,l){\"use strict\";var e=!1,o=!1;if(l.querySelector)if(d.addEventListener)e=!0;if(d.wp=d.wp||{},!d.wp.receiveEmbedMessage)if(d.wp.receiveEmbedMessage=function(e){var t=e.data;if(t)if(t.secret||t.message||t.value)if(!\/[^a-zA-Z0-9]\/.test(t.secret)){for(var r,a,i,s=l.querySelectorAll('iframe[data-secret=\"'+t.secret+'\"]'),n=l.querySelectorAll('blockquote[data-secret=\"'+t.secret+'\"]'),o=new RegExp(\"^https?:$\",\"i\"),c=0;c<n.length;c++)n[c].style.display=\"none\";for(c=0;c<s.length;c++)if(r=s[c],e.source===r.contentWindow){if(r.removeAttribute(\"style\"),\"height\"===t.message){if(1e3<(i=parseInt(t.value,10)))i=1e3;else if(~~i<200)i=200;r.height=i}if(\"link\"===t.message)if(a=l.createElement(\"a\"),i=l.createElement(\"a\"),a.href=r.getAttribute(\"src\"),i.href=t.value,o.test(i.protocol))if(i.host===a.host)if(l.activeElement===r)d.top.location.href=t.value}}},e)d.addEventListener(\"message\",d.wp.receiveEmbedMessage,!1),l.addEventListener(\"DOMContentLoaded\",t,!1),d.addEventListener(\"load\",t,!1);function t(){if(!o){o=!0;for(var e,t,r,a=-1!==navigator.appVersion.indexOf(\"MSIE 10\"),i=!!navigator.userAgent.match(\/Trident.*rv:11\\.\/),s=l.querySelectorAll(\"iframe.wp-embedded-content\"),n=0;n<s.length;n++){if(!(r=(t=s[n]).getAttribute(\"data-secret\")))r=Math.random().toString(36).substr(2,10),t.src+=\"#?secret=\"+r,t.setAttribute(\"data-secret\",r);if(a||i)(e=t.cloneNode(!0)).removeAttribute(\"security\"),t.parentNode.replaceChild(e,t);t.contentWindow.postMessage({message:\"ready\",secret:r},\"*\")}}}}(window,document);\n<\/script>\n","description":"Acompanhamento pr\u00e9-natal\u00a0e alimenta\u00e7\u00e3o saud\u00e1vel previnem doen\u00e7a Um dos momentos mais especiais na vida de uma mulher pode se tornar um pesadelo se os cuidados devidos n\u00e3o forem tomados. \u00c0s v\u00e9speras do dia da gestante, comemorado nesta segunda-feira (15\/08), a Sociedade Brasileira de Diabetes (SBD) alerta para a diabetes mellitus gestacional, que afeta 18% das gesta\u00e7\u00f5es [&hellip;]","thumbnail_url":"https:\/\/www.radiomanchester.com.br\/fm\/wp-content\/uploads\/2022\/08\/924B34E6-B87A-49C5-980B-183AC1462881-300x179.jpeg"}

Acompanhamento pré-natal e alimentação saudável previnem doença Um dos momentos mais especiais na vida de uma mulher pode se tornar um pesadelo se os cuidados devidos não forem tomados. Às vésperas do dia da gestante, comemorado nesta segunda-feira (15/08), a Sociedade Brasileira de Diabetes (SBD) alerta para a diabetes mellitus gestacional, que afeta 18% das gestações [&hellip;]
